lse
Is 556 a factor of 217952?
True
Is 419342 a multiple of 241?
False
Is 18 a factor of 942181?
False
Is 120175 a multiple of 3?
False
Is 25 a factor of 943099?
False
Is 73222 a multiple of 31?
True
Does 22 divide 281388?
False
Does 13 divide 4249856?
True
Does 152 divide 281224?
False
Is 239439 a multiple of 13?
False
Is 99 a factor of 228591?
True
Does 130 divide 584789?
False
Is 29268 a multiple of 27?
True
Is 16319476 a multiple of 604?
True
Does 107 divide 6435771?
False
Does 62 divide 1674?
True
Is 1513818 a multiple of 333?
True
Does 63 divide 850374?
True
Is 1802 a factor of 12286036?
True
Is 124 a factor of 724160?
True
Is 2239692 a multiple of 1092?
True
Does 30 divide 60?
True
Is 691 a factor of 4843910?
True
Does 116 divide 3803408?
True
Is 22512 a multiple of 8?
True
Is 35 a factor of 177695?
True
Is 4141599 a multiple of 17?
False
Is 19 a factor of 1064703?
True
Is 8420608 a multiple of 592?
True
Is 705610 a multiple of 11?
False
Is 4330260 a multiple of 198?
True
Is 4869718 a multiple of 17?
True
Is 3290771 a multiple of 23?
True
Is 4600 a multiple of 5?
True
Is 64 a factor of 4189716?
False
Is 2 a factor of 28952?
True
Is 84185 a multiple of 8?
False
Is 523572 a multiple of 966?
True
Is 2923834 a multiple of 38?
True
Is 30 a factor of 17572971?
False
Does 400 divide 5501446?
False
Does 15 divide 2820?
True
Does 9 divide 1332?
True
Is 174192 a multiple of 19?
True
Is 15 a factor of 1358370?
True
Does 184 divide 559756?
False
Does 180 divide 1755?
False
Does 84 divide 565236?
True
Is 16454118 a multiple of 31?
True
Is 10851918 a multiple of 83?
True
Is 170516 a multiple of 4?
True
Does 21 divide 529641?
True
Does 141 divide 6967515?
True
Does 33 divide 829519?
False
Is 258 a factor of 205151?
False
Does 3 divide 2077?
False
Is 62 a factor of 514380?
False
Is 8 a factor of 182422?
False
Does 24 divide 681648?
True
Does 37 divide 341103?
True
Does 120 divide 3308640?
True
Is 16 a factor of 168028?
False
Is 571 a factor of 559113?
False
Does 9 divide 4780683?
True
Is 968 a factor of 11235867?
False
Is 8 a factor of 64046?
False
Is 6161649 a multiple of 372?
False
Is 126090 a multiple of 18?
True
Is 669370 a multiple of 95?
True
Does 25 divide 220750?
True
Is 45584 a multiple of 296?
True
Is 109 a factor of 445701?
True
Is 67114 a multiple of 4?
False
Is 21 a factor of 287679?
True
Does 54 divide 170532?
True
Does 8 divide 49747?
False
Is 2578721 a multiple of 26?
False
Does 882 divide 2057541?
False
Is 16 a factor of 182096?
True
Is 14 a factor of 55594?
True
Is 2618196 even?
True
Is 362211 a multiple of 82?
False
Is 2494008 a multiple of 8?
True
Does 32 divide 96512?
True
Is 97 a factor of 77988?
True
Does 18 divide 4829958?
True
Is 5527 a multiple of 23?
False
Is 5357184 a multiple of 158?
False
Is 1202 a factor of 6939878?
False
Is 113025 a multiple of 25?
True
Is 250 a factor of 173513?
False
Does 12 divide 522801?
False
Is 2187350 a multiple of 410?
True
Is 358440 a multiple of 174?
True
Is 168998 a multiple of 2?
True
Does 14 divide 378071?
False
Does 71 divide 267482?
False
Is 16 a factor of 2506478?
False
Is 13 a factor of 2212336?
False
Does 135 divide 1610713?
False
Is 1020992 a multiple of 56?
True
Is 787790 a multiple of 29?
False
Is 69760 a multiple of 13?
False
Is 646531 a multiple of 30?
False
Is 6 a factor of 47367?
False
Is 11784119 a multiple of 28?
False
Is 34 a factor of 199988?
True
Is 723 a factor of 3617892?
True
Is 4583169 a multiple of 729?
False
Does 44 divide 937992?
True
Is 20 a factor of 1834520?
True
Is 32977 a multiple of 78?
False
Is 770072 a multiple of 12?
False
Does 132 divide 1935452?
False
Does 20 divide 3522948?
False
Is 280014 a multiple of 354?
True
Is 24 a factor of 800712?
True
Is 75 a factor of 249600?
True
Does 83 divide 93882?
False
Is 916 a factor of 3766020?
False
Is 54137 a multiple of 115?
False
Is 18424 a multiple of 8?
True
Does 549 divide 20324785?
False
Is 206 a factor of 1781076?
True
Is 11772762 a multiple of 6?
True
Does 10 divide 1536930?
True
Does 145 divide 740660?
True
Is 184 a factor of 6716631?
False
Is 4 a factor of 147874?
False
Does 223 divide 1194291?
False
Does 181 divide 331525?
False
Does 7 divide 415338?
True
Is 91993 a multiple of 11?
True
Is 3 a factor of 380070?
True
Is 10 a factor of 26702?
False
Is 377 a factor of 303119?
False
Is 1812186 a multiple of 9?
True
Is 103 a factor of 201885?
False
Is 271281 a multiple of 21?
False
Is 1495851 a multiple of 437?
True
Does 11 divide 507245?
False
Is 5113242 a multiple of 342?
True
Is 76304 a multiple of 1004?
True
Is 59 a factor of 95226?
True
Does 25 divide 55374?
False
Is 764059 a multiple of 119?
False
Is 1023243 a multiple of 17?
False
Is 98 a factor of 192962?
True
Is 14 a factor of 26778?
False
Does 15 divide 323821?
False
Is 7398010 a multiple of 882?
False
Does 27 divide 356346?
True
Is 52393 a multiple of 4?
False
Is 51231 even?
False
Does 46 divide 490452?
True
Is 348450 a multiple of 30?
True
Is 269588 a multiple of 8?
False
Does 11 divide 267058?
True
Is 5 a factor of 138560?
True
Does 6 divide 110844?
True
Is 94 a factor of 129243?
False
Does 15 divide 298125?
True
Is 2824908 a multiple of 8?
False
Does 4 divide 15185?
False
Is 243325 a multiple of 31?
False
Is 216 a factor of 580646?
False
Does 95 divide 811165?
False
Is 42 a factor of 449568?
True
Is 13 a factor of 20865?
True
Is 11359561 a multiple of 12?
False
Is 284544 a multiple of 192?
True
Does 7 divide 11966619?
True
Does 73 divide 13439397?
False
Is 4 a factor of 195252?
True
Is 97 a factor of 68466?
False
Does 338 divide 7163910?
True
Is 17 a factor of 410592?
False
Does 99 divide 386793?
True
Does 282 divide 593328?
True
Does 37 divide 473355?
False
Is 3 a factor of 5729439?
True
Is 1723898 a multiple of 11?
True
Does 73 divide 118917?
True
Is 4896 a multiple of 90?
False
Does 8 divide 130755?
False
Is 1465422 a multiple of 246?
True
Does 238 divide 4885902?
True
Is 39 a factor of 335400?
True
Is 1934633 a multiple of 20?
False
Is 6651630 a multiple of 30?
True
Is 37 a factor of 405594?
True
Is 27 a factor of 257600?
False
Is 27983 a multiple of 2?
False
Is 102 a factor of 84205?
False
Is 25 a factor of 102761?
False
Does 11 divide 111474?
True
Is 4553173 a multiple of 1292?
False
Is 48 a factor of 12120321?
False
Is 5667018 a multiple of 123?
False
Does 228 divide 31692?
True
Does 485 divide 1891635?
False
Is 636 a factor of 2244609?
False
Does 23 divide 1642269?
True
Is 91 a factor of 37674?
True
Is 69 a factor of 6900?
True
Does 142 divide 487486?
True
Is 289397 a multiple of 134?
False
Is 201 a factor of 1037761?
False
Is 68 a factor of 11072576?
True
Is 364 a factor of 8255156?
True
Is 21 a factor of 46011?
True
Is 5270895 a multiple of 2?
False
Is 1139673 a multiple of 69?
True
Does 51 divide 2127111?
False
Is 310 a factor of 180730?
True
Is 62424 a multiple of 102?
True
Is 239 a factor of 250950?
True
Does 3 divide 8856?
True
Is 1416 a multiple of 561?
False
Does 148 divide 77292?
False
Is 218277 a multiple of 5?
False
Is 918 a factor of 1282446?
True
Does 4 divide 4138084?
True
Is 4762295 a multiple of 5?
True
Does 42 divide 83579?
False
Is 325273 a multiple of 17?
False
Is 70 a factor of 8187530?
False
Is 900433 a multiple of 96?
False
Does 89 divide 3424720?
True
Is 1137 a factor of 2307818?
False
Is 15 a factor of 83492?
False
Does 30 divide 5400796?
False
Is 5460 a multiple of 6?
True
Does 7 divide 3088618?
False
Is 5526038 a multiple of 747?
False
Is 28 a factor of 720689?
False
Does 47 divide 582902?
False
Is 26 a factor of 1150822?
False
Is 6157722 a multiple of 18?
False
Is 1339774 a multiple of 69?
False
Is 22840 a multiple of 5?
True
Is 35 a factor of 82240?
False
Does 49 divide 14602?
True
Is 6480488 a multiple of 27?
False
Does 10 divide 253766?
False
Is 307572 a multiple of 228?
True
Does 16 divide 185984?
True
Does 202 divide 84436?
True
Does 24 divide 21610?
False
Is 10787392 a multiple of 616?
True
Does 19 divide 921386?
True
Is 26 a factor of 5851?
False
Is 296 a factor of 1024873?
False
Does 14 divide 546000?
True
Is 45 a factor of 68895?
True
Is 258438 a multiple of 127?
False
Is 691685 a multiple of 16?
False
Does 15 divide 1029900?
True
Is 130560 a multiple of 20?
True
Is 370696 a multiple of 183?
False
Is 5